*3 - 5*b**2 + 8*b + 47. Calculate the remainder when f(-9) is divided by 97.
8
Suppose -4*c - 45 = -5*c. What is the remainder when 217 is divided by c?
37
Let w = 357 + -344. What is the remainder when 102 is divided by w?
11
Let u(i) = 3*i**3 - 2*i**2 - 4*i - 29. Let v(g) = -g**3 - g**2 + 1. Let y(k) = -u(k) - 4*v(k). Calculate the remainder when y(-6) is divided by 1.
0
Suppose 0 = -6*b + 57 + 117. Calculate the remainder when b is divided by 18.
11
Let t(u) = u + 32. Let w be t(-18). Suppose -a + 2*a = w. Calculate the remainder when 24 is divided by a.
10
Let m(z) be the third derivative of 0 + z**2 + 0*z - 13/24*z**4 - 1/4*z**5 + 3*z**3 - 1/120*z**6. Calculate the remainder when m(-14) is divided by 1.
0
Suppose 2*g + 6 = -c + 19, 0 = 4*c + 4*g - 64. Calculate the remainder when 530 is divided by c.
17
Let g(i) be the second derivative of i**4/3 - 2*i**3/3 - 7*i**2/2 - 21*i + 2. Calculate the remainder when 41 is divided by g(-2).
7
Suppose 5*a - 2*v - 129 = 0, 0 = 13*a - 11*a - 5*v - 39. Suppose 12 = 4*d - 2*d. What is the remainder when a is divided by d?
3
Let f = -134 + 419. Calculate the remainder when f is divided by 36.
33
Let y(d) = d**2 + 8*d + 12. Let s be y(-5). Calculate the remainder when 18 is divided by s + 4 + 2 + 8.
7
Suppose -t = -4*l - 21, 0*l + 41 = 3*t - l. Let a = 26 + -1. Calculate the remainder when a is divided by t.
12
Let w = -248 - -249. Calculate the remainder when 1 is divided by w.
0
Let f = -9 + 26. Let u = 1531 + -1498. Calculate the remainder when u is divided by f.
16
Let m(c) = -9*c - 1. Let k be m(2). Let w = k - -19. Suppose -3*v - b + 45 = w, -b = -v - 6*b + 29. What is the remainder when v is divided by 5?
4
Let q(v) = 2*v - 25. Let k be q(19). Let s = -1 + k. What is the remainder when 22 is divided by s?
10
Calculate the remainder when (-24)/(-32) - 66/(-8) is divided by 7.
2
Suppose 0 = 2*f - 3*f + 4. Suppose 4*n - g - g = 284, 0 = -f*n - 2*g + 276. Calculate the remainder when n is divided by 15.
10
Suppose -2*a - a - 40 = -5*k, 0 = 4*k - 4*a - 40. Suppose t - 5*b = -0*b - 18, -30 = k*t - 5*b. Let n = t - -36. What is the remainder when n is divided by 9?
6
Let l = -755 - -1004. Calculate the remainder when l is divided by 11.
7
Let o(x) = -10*x - 289. Calculate the remainder when o(-42) is divided by 11.
10
Let c = 71 - 57. Calculate the remainder when 459 is divided by c.
11
Let l = -523 - -536. Calculate the remainder when 1323 is divided by l.
10
Let n = -45 - -54. Suppose -3*w = n, 3*w + 2*w = -p - 3. What is the remainder when 42 is divided by p?
6
Let i(q) = q**3 + 10*q**2 + 9*q + 9. Let j be 5/(15/(-2))*12. Calculate the remainder when i(j) is divided by (4 - (4 + -20)) + -3.
14
Let l(y) = 3*y**2 - 31*y - 42. What is the remainder when 428 is divided by l(13)?
56
Let n(i) = 3*i**2 - 6*i + 15. Let d = 206 - 114. Calculate the remainder when d is divided by n(3).
20
Let y be (-1 - 3/(-2))*0. Suppose 4*x + 4*v + 0*v - 92 = y, -5*v = -2*x + 53. Let c = 1021 - 1016. Calculate the remainder when x is divided by c.
4
Suppose 42*y + 1224 = 4*o + 34*y, 0 = -2*o - y + 637. What is the remainder when o is divided by 80?
76
Let k(t) = 52*t - 302. What is the remainder when 77 is divided by k(6)?
7
Suppose 0 = 4*h - 3*g - 20, -h - 10 = 4*g - g. Suppose 3*j = h*j + 35. What is the remainder when j is divided by 1/4 - 71/(-4)?
17
Calculate the remainder when 72 is divided by (9/4)/(18 + 3225/(-180)).
18
Suppose 0 = -7*z + 4*z + 234. Suppose 0 = -3*m + 4*w + 82, -2*m + 3*w = m - z. Calculate the remainder when 42 is divided by m.
20
Let g(a) = 3*a**2 - 9*a - 12. Calculate the remainder when g(-3) is divided by 15.
12
Let v(m) = -2*m - 203. Let b(s) = -s - 101. Let q(u) = -5*b(u) + 2*v(u). Let i be (0/2)/(-18 + 20). Calculate the remainder when q(i) is divided by 34.
31
Suppose 200*d - 196*d = 2816. Calculate the remainder when d is divided by 59.
55
Let a be (1 + -1 + -1)*-4. Suppose 36 = 3*c + 3*h, a*c - 5*h + h = 8. Suppose -7 = -s - 0*s + n, 0 = n + 4. Calculate the remainder when c is divided by s.
1
What is the remainder when -1 + 1 + (-5 + 6)*11 is divided by (7 - 3)*2/2?
3
Let t(u) = -2*u**2 - 39*u + 6. Calculate the remainder when 174 is divided by t(-18).
54
Let x = 499 + -445. What is the remainder when x is divided by 48/3 + (0 - 2)?
12
Let d = 1677 - 1673. Calculate the remainder when ((-5)/4)/(2/(-24)) is divided by d.
3
Suppose 0 = 2*l - 71 + 9. Let h = l + -21. Let p = 18 - h. Calculate the remainder when p is divided by 5.
3
Let o(x) = 27*x + 17. Calculate the remainder when o(0) is divided by 4/(-10) + (-54)/(-10).
2
Suppose 39*l = 664 + 1442. Calculate the remainder when 266 is divided by l.
50
Suppose 52 = 5*t - 78. Calculate the remainder when 415 is divided by t.
25
Let c = -300 + 718. Calculate the remainder when c is divided by 35.
33
Let n = 210 + -193. Calculate the remainder when 179 is divided by n.
9
Suppose -20 = 4*u, 2*w - 2*u + 14 - 190 = 0. What is the remainder when w is divided by 64?
19
Calculate the remainder when 2*(4 + -8)*(-502)/16 is divided by 63.
62
Let w(y) = -10*y**2 + y - 8. Let d be w(3). Let i = d - -162. What is the remainder when i is divided by 37?
30
Let v = -128 - -215. Let s = v - 53. Calculate the remainder when s is divided by 10.
4
What is the remainder when 1938 is divided by (-775)/(-8) - -2*8/128?
95
Let h(o) be the second derivative of -o**5/20 - 5*o**4/6 + 5*o**3/3 - 2*o**2 + 16*o. Calculate the remainder when 26 is divided by h(-11).
5
Let o be (1 - -4)/(2/(-4)). Suppose 4*r + 45 = 125. Calculate the remainder when o/5*(-37)/2 is divided by r.
17
Let j be 3/(-6) + 15/6. Suppose j*s - 47 = s. What is the remainder when s is divided by 16?
15
Let m = -36 - -58. Suppose -23 - m = -5*w. What is the remainder when 17 is divided by w?
8
Let p = 3879 - 3845. Let j(t) = 2*t + 8. Calculate the remainder when p is divided by j(6).
14
Suppose 5*h - z - 13985 + 4994 = 0, -3*z = -h + 1787. Calculate the remainder when h is divided by 36.
35
Suppose 298 = 10*c - 812. Calculate the remainder when 147 is divided by c.
36
Suppose -3*a + 3*u = -5*a + 5, -u = 3*a + 3. Let j be 3/a*(-7 + 5). Suppose j = 3*r - 0. What is the remainder when 3 is divided by r?
0
Suppose 4*z - 44 = 2*d - 0*d, -d = 4*z + 10. What is the remainder when 26 is divided by d/(7/((-28)/8))?
8
Suppose -3*z - 2*p + 116 = -0*z, 0 = p + 5. Let j = z - 71. Let x = j - -53. What is the remainder when 94 is divided by x?
22
Suppose 2*o - 5 + 9 = 0, 76 = 2*w + o. Calculate the remainder when 71 is divided by w.
32
Let b = -8 + 21. Suppose 4*d - 156 = -5*o, -o + 42 = 3*d + 13. Calculate the remainder when o is divided by b.
6
Suppose 0 = 2*n - 0*n - 14. Suppose 31*s = 78 + 77. Let d = n + s. Calculate the remainder when 57 is divided by d.
9
Let w(x) = 20*x**2 - 10*x - 33. Calculate the remainder when w(6) is divided by 15.
12
Let m = 13 + -12. Let h = 0 - m. What is the remainder when -4 + 5 - 22*h is divided by 8?
7
Let u(v) = v**3 - 26*v**2 + 26*v - 12. What is the remainder when 23 is divided by u(25)?
10
Let g = -133 - -135. Suppose -5*h + 2*h - 2*f + 360 = 0, g*f + 584 = 5*h. What is the remainder when h is divided by 12?
10
Let x = -3 + 9. What is the remainder when -1 - (-1110)/66 - (-2)/11 is divided by x?
4
Let y(c) = c**2 - 12*c + 52. Calculate the remainder when y(18) is divided by 30.
10
Suppose 0 = 80*d - 87*d + 7833. What is the remainder when d is divided by 34?
31
Suppose -5*h = -3*h - 34. Suppose 3*c + 149 = x, -c = -5*x + 713 + 46. Let u = x - 119. Calculate the remainder when u is divided by h.
16
Let h = 98 + 33. Suppose h = -4*f - 81. What is the remainder when 32 is divided by f/(-3) - (-4)/(-6)?
15
Suppose -4*u = -88 - 8. What is the remainder when 36 is divided by u?
12
Let g(s) = 4*s**2 - s**2 - 2 + 2*s**2 + 5*s. Let u be g(-4). Let r = u + -31. Calculate the remainder when r is divided by 10.
7
Let h(m) = -63*m - 5 - 2 + 4. Let a be h(-1). Suppose a = 3*x - 36. Calculate the remainder when x is divided by 17.
15
Calculate the remainder when 314 is divided by 20/((-5)/(10/(-1))).
34
Suppose 6*o - 3*f = 2*o + 271, 356 = 5*o + 2*f. Suppose -g + 16 = -l, 13*g - 199 = 4*l - 0*l. What is the remainder when o is divided by g?
10
Suppose -y + 4*u = 12 - 54, -2*u = y - 18. S